n - 1. Let y(t) = -b(t) + 2*r(t). Calculate y(l).
5
Let f(g) be the second derivative of -g**4/12 + 2*g**3 + 7*g**2/2 + 82*g. Determine f(13).
-6
Suppose -2*t = -0*t - 3*f - 169, -f - 175 = -2*t. Let r(w) = -6 - 43*w + t*w - 49*w. Determine r(-4).
6
Suppose -3*z - 25 = 2*z, -3*z = -4*r + 19. Let j(b) = 2*b - 6 + 3*b**2 - r + 6. Calculate j(-3).
20
Let r be 1*(-2)/(-4)*2. Let v(u) = -2*u + 51 - 51 + 78*u**2 - 89*u**2 + 3*u. Give v(r).
-10
Let b(q) = -q**3 + 10*q**2 - 2*q + 19. Let m = 2367 + -2357. Calculate b(m).
-1
Let f be (2 + -3)*(2 - 3). Let a(b) = 12*b - 2. Let k(z) = 24*z - 3. Let v(l) = -5*a(l) + 3*k(l). Determine v(f).
13
Let p = 251 + -249. Let t(s) = 2*s**3 - 4*s**2 - 5*s - 1. Let x(b) = -6*b**3 + 11*b**2 + 14*b + 3. Let w(i) = 8*t(i) + 3*x(i). Give w(p).
-7
Let w(r) = r**3 - 5*r**2 - 6*r - 2. Suppose m + 82 = 88. Give w(m).
-2
Let q(o) = 3*o**2 - 3*o + 5. Let s(p) = 4*p**2 - 5*p + 8. Let f(x) = -7*q(x) + 5*s(x). Determine f(-5).
0
Let x(y) = y. Let u(g) = -3*g**2 + g**2 + 9 - 4*g - 2*g + 3*g**2. Let w be u(4). What is x(w)?
1
Suppose 2*h + 43*r = 42*r, -3*r = 4*h - 6. Let m(v) = 0*v - 1 + 2 + v. Determine m(h).
-2
Let j(h) = -1. Let r(m) = m - 10. Let a(q) = -2*q**2 + q - 1. Let g be a(1). Let v(i) = g*j(i) + r(i). Let d(s) = -s**2 + 5*s. Let y be d(5). Determine v(y).
-8
Let q be (-2)/(9/(-3) - -2). Suppose -4*d + 4 = -q*d. Let s(x) = 3 - 3*x + 6*x**2 + 0*x - 4*x**2. Calculate s(d).
5
Let m(i) = i - 1. Suppose -x - 1 - 1 = 0. Let a = 9 + -12. Let r be 1/(x - a - 2). Calculate m(r).
-2
Let m(v) = v**3 + 4*v**2 - 7*v + 10. Let d(i) = 3*i**3 + 10*i**2 - 20*i + 29. Let p(h) = -6*d(h) + 17*m(h). Give p(8).
4
Suppose -3*q - 17 = -6*g + 5*g, 2*g = 3*q + 13. Let j be 4/(-14) - 23/q. Let k(n) = -n**3 + 4*n**2 - 3*n + 4. Calculate k(j).
4
Let d(w) = -3*w + 6. Let x = -9 - -37. Let y be (-2)/((32/x)/(-4)). Give d(y).
-15
Let c(r) = -7*r + 3. Suppose -3*i + 21 = 3*l, -2*i - 3*l + 9 = -5. Calculate c(i).
-46
Suppose 2051 - 2060 = -3*b. Let x(y) = 3*y + 4. Give x(b).
13
Let g(x) = 40 + 13*x - x**2 - 31 - 5*x. Determine g(7).
16
Let d(v) be the first derivative of v**3/3 - 5*v**2/2 + 4*v + 28. What is d(6)?
10
Let k = 84 + -93. Let g(m) = -4*m**3 - 11*m**2 + 5*m. Let r(f) = f**3 + 3*f**2 - f. Let p(t) = k*r(t) - 2*g(t). Determine p(-5).
5
Suppose 0*x - 8*x = 0. Let y(w) = w**2 - w - 36. What is y(x)?
-36
Let v be (-50)/(-1 + -4) - 4. Let m(r) = -11*r + 18*r - v*r - 6. Calculate m(5).
-1
Let l(o) be the second derivative of o**3/6 - o. Suppose -36 = -13*x + 7*x. Determine l(x).
6
Let n(p) = 11*p**3 - 29*p**2 + 3*p + 27. Let c(l) = -7*l**3 + 19*l**2 - 2*l - 19. Let t(f) = -8*c(f) - 5*n(f). Give t(7).
24
Let x(b) = b**2 - 4*b + 3. Let d(w) = -2*w**3 + 19*w**2 + 10*w + 5. Let v be d(10). Calculate x(v).
8
Let y = 164 + -168. Let v(k) = -k**2 - 8*k. What is v(y)?
16
Let z be 21/28 + 2/8. Let g be (3 - z)/((-4)/34). Let k(j) = 14*j**2 - 5*j. Let p(d) = -5*d**2 + 2*d. Let a(u) = g*p(u) - 6*k(u). What is a(3)?
-3
Let r(m) = 3*m + m**3 - 262 + 250 + 17*m**2 - 6*m**2 - 3*m. Calculate r(-11).
-12
Suppose -3*g + 5*h - 380 = 0, -g - 155 = -0*g + 4*h. Let m = g - -145. Let s(x) = -x + 14. Determine s(m).
4
Let u(d) = -d**3 - 5*d**2 + 4*d + 3. Suppose 4*y + 19 = -13. Let k = 18 + y. Let l be (1 - 3)/(k/25). What is u(l)?
-17
Let u(r) = -2*r**3 + 22*r**2 + 7*r - 70. Let f(g) = g**3 - 11*g**2 - 3*g + 32. Let l(w) = 9*f(w) + 4*u(w). What is l(11)?
19
Let d(o) be the second derivative of o**5/4 - o**4/12 + o**3/6 + o**2/2 + 21*o. Let w be d(-1). Let r(j) = 2*j + 8. Determine r(w).
-4
Let l(t) be the second derivative of t**5/20 + 5*t**4/12 + 5*t**3/6 + 5*t**2/2 + 2*t. Let f(x) = 9*x + 239. Let r be f(-27). Determine l(r).
1
Let o(u) = -3*u - 4. Let t be o(-4). Suppose 0*k - t = -2*k. Suppose 7 = k*d - 17. Let j(l) = l**3 - 6*l**2 - 2*l + 1. What is j(d)?
-11
Suppose 4*u + 28 = -0*u. Suppose 4*b + 2*w - 12 = 0, -b - w + 2*w = 3. Let n(l) = -9*l + b - 10 + 15*l - 8*l. Calculate n(u).
5
Let t(x) = x**3 - 5*x**2 + 2*x - 9. Let m be t(5). Let b(o) = -10*o**3 + o - 1. Give b(m).
-10
Let f(z) be the first derivative of z**3/3 + 3*z**2 + 9*z - 96. Let m(v) = v**2 - 4*v - 6. Let o be m(4). Give f(o).
9
Let p = 1 - -1. Suppose -2 = z - g, 8 = 3*z - g + 5*g. Let r(t) = 4*t + 4 + t**2 - 3 + z*t**p + 0*t. Give r(-2).
-3
Let r(j) be the third derivative of 0*j + 33*j**2 + 0 + 2/3*j**3 - 1/4*j**4. Determine r(4).
-20
Let v(w) = -w**2 - 5*w + 2. Let f be v(-5). Suppose f*s = 2 - 6. Let k(g) = -g**2 - 3*g - 3. What is k(s)?
-1
Let o(w) = -w**3 - 8*w**2 - 9*w. Let q(n) = -14*n - 48. Let a be q(-3). Determine o(a).
-18
Let f(o) = o**2 + 25*o + 40. Let t be f(-2). Let j(b) be the first derivative of -b**2/2 - 2*b + 2. Give j(t).
4
Let w(j) = j - 11. Let i = -818 + 825. Give w(i).
-4
Let p(w) = -2*w. Let v(g) = 4*g - 14. Let f(r) = p(r) + v(r). Calculate f(9).
4
Let m(z) = -3*z - 4. Let q be (-68)/(-6)*18/12. Let i(s) = s + 25. Let t be i(-13). Let f = t - q. Give m(f).
11
Let t(r) = 4*r + 9. Suppose 23*m + 82 - 13 = 0. Determine t(m).
-3
Let x(l) = -l**3 + 3*l**2 + 6*l + 1. Let o(f) = f**2. Let g(b) = -4*o(b) - x(b). What is g(8)?
15
Let v(g) be the second derivative of -g**3/6 - g**2/2 + 2*g - 358. Suppose 3*r = -q - 14, 3*r + r + 16 = -4*q. Give v(r).
4
Let b(d) = 7*d**3 + 22*d**2 + 7*d - 8. Let k(g) = -3*g**3 - 10*g**2 - 3*g + 4. Let r(f) = -2*b(f) - 5*k(f). Give r(-7).
-60
Let f(v) be the third derivative of -23*v**5/60 - v**3/6 + 53*v**2. Give f(1).
-24
Let u = 1829 + -1829. Let y(z) = z + 5. Give y(u).
5
Let h be (2/4)/(1/(-40)). Let n = -15 - h. Let f = 11 - n. Let l(b) = b**3 - 6*b**2 + b + 4. Calculate l(f).
10
Let h(c) be the second derivative of -c**3/2 - 2*c**2 - 4*c. Let v(k) = -1. Let t(l) = -h(l) + 2*v(l). Let x(w) = w + 6. Let j be x(-8). What is t(j)?
-4
Let m(p) = p**3 + 5*p**2 - 3*p + 7. Let y = -11 - -15. Let o be 3 - (y + -3 + 8). Calculate m(o).
-11
Let j(z) = 11 + 49 + 5*z - 11 + 0. Let o be j(-11). Let n(i) = i**3 + 6*i**2 - i + 1. Determine n(o).
7
Let q(t) = -t**2 - t + 2. Let r(y) be the third derivative of -y**5/60 + 2*y**4/3 - 3*y**3 + 19*y**2. Let a be r(15). Calculate q(a).
-4
Let c = -2359 + 2361. Let g(v) = -v - v - v + 0. Determine g(c).
-6
Let y(f) = f**3 - 7*f**2 - 11*f + 6. Suppose 62*n + 96 = 60*n. Let o = n + 56. Give y(o).
-18
Let g(a) = 0*a**3 - 3*a - 2*a**3 + 1 - 3*a + a**3 - 7*a**2. Let d be g(-6). Suppose i - d = -7. Let b(c) = -c**3 - 5*c**2 + 6*c - 6. Determine b(i).
-6
Suppose 18*u - 32 = 14*u. Suppose 0 = 5*y + 23 - u. Let s(q) = q + 3. Calculate s(y).
0
Let g = 11 - 7. Let o(z) = -g*z**2 - 3*z**2 + 2*z**2 - 1 + z. Let t be (1/(-2) - -1)*2. What is o(t)?
-5
Let a be -1 - (-2*(-2 + 1) + 0). Let r(j) = 1. Let b(k) = k. Let s(v) = -2*v - 3. Let t(q) = -4*b(q) - s(q). Let d(g) = a*r(g) + t(g). Give d(-2).
4
Suppose 0 = -17*o + 5*o - 336. Let j = o - -26. Let u(b) = b**3. Determine u(j).
-8
Let b = 20 - 15. Let v(l) = -l**3 - l. Let i(p) = p**2 + 8*p + 5. Let u be i(-8). Let s(q) = 6*q**3 - 5*q**2 + 7*q. Let r(k) = u*v(k) + s(k). Give r(b).
10
Let t(h) = -3*h + 26. Let w(b) = 1. Let u(v) = -t(v) + w(v). Let n(z) = z - 8. Let i(y) = -7*n(y) + 2*u(y). Suppose 0 = 5*x + 10 + 15. Calculate i(x).
11
Let i be (4/(-6))/(6/(-9)). Suppose i - 11 = -2*c. Let g(q) = 3 + 2*q**2 - c*q**2 + 4*q**2 + 6*q - 2*q. Give g(-3).
0
Suppose 3*g = 6*g + p - 11, 2*p = g + 1. Let t(j) = j + 6. Determine t(g).
9
Suppose 1 = -4*m + 21. Let h(j) = -m*j + 0*j + 3*j**3 - 5*j**2 + 6 - 7. Let o(b) = 16*b**3 - 25*b**2 - 25*b - 4. Let x(n) = 11*h(n) - 2*o(n). What is x(6)?
3
Let k be (-3 - 12/(-16))/((-6)/16). Let g(v) = 1. Let n(z) = z - 3. Let j(f) = k*g(f) + n(f). Determine j(6).
9
Suppose 0 = 4*j - 6*j + 6. Let x(a) = 1 - a + j*a + 3*a - 4*a. What is x(1)?
2
Let u = 0 + 7. Let q(i) = i**3 - 8*i**2 + 6*i + 3. Let g be q(u). Let n(h) = 3*h + 5. Give n(g).
-7
Suppose 9*j + 6 - 6 = 0. Let g be (j + 4)*1 + 0. Let b(o) = 2*o - 5. Give b(g).
3
Let m(h) = h**2 - 4. Let l = 857 + -861. Determine m(l).
12
Let g be (-20)/(-90) + (-32)/(-18). Let y(p) = 8*p - 5*p**2 - 2 + 6*p**g + 1. Determine y(-4).
-17
Let y(n) = n - n**3 - 1 - 3*n**2 + 3*n**2 - n**2. Suppose -4*x + 4*o = -4, 3*x = -2*x - 5*o + 45. Suppose -3*l = x*d - 12, -d - 5*l = d - 20. What is y(d)?
-1
Let j(x) = 3 - 369